{"id":1973,"date":"2019-10-22T11:37:03","date_gmt":"2019-10-22T08:37:03","guid":{"rendered":"https:\/\/e-multicom.gr\/?post_type=product&#038;p=1973"},"modified":"2019-10-22T11:37:03","modified_gmt":"2019-10-22T08:37:03","slug":"dahua-hac-hfw1400d","status":"publish","type":"product","link":"https:\/\/e-multicom.gr\/?product=dahua-hac-hfw1400d","title":{"rendered":"Dahua HAC-HFW1400D"},"content":{"rendered":"<p><u><strong>\u039a\u03ac\u03bc\u03b5\u03c1\u03b1 \u03c4\u03cd\u03c0\u03bf\u03c5 Bullet 4MP \u03bc\u03b5\u03c4\u03b1\u03bb\u03bb\u03b9\u03ba\u03ae \u03bc\u03b5 \u03a6\u03b1\u03ba\u03cc 3.6mm \u03ba\u03b1\u03b9 IR \u03b5\u03ce\u03c2 80m HAC-HFW1400D Dahua<\/strong><\/u><\/p>\n","protected":false},"excerpt":{"rendered":"<table id=\"table001\" class=\"NEW-TABLE TableOverride-1 tab-drag\">\n<tbody>\n<tr>\n<td colspan=\"60\">\n<h6>Video<\/h6>\n<\/td>\n<\/tr>\n<tr>\n<td colspan=\"18\">\n<h6>Resolution<\/h6>\n<\/td>\n<td colspan=\"42\">\n<h6>4MP (2560\u00d71440)<\/h6>\n<\/td>\n<\/tr>\n<tr>\n<td colspan=\"18\">\n<h6>Frame Rate<\/h6>\n<\/td>\n<td colspan=\"42\">\n<h6>25\/30fps@4MP, 25\/30fps@1080P, 25\/30fps@720P<\/h6>\n<\/td>\n<\/tr>\n<tr>\n<td colspan=\"18\">\n<h6>Video Output<\/h6>\n<\/td>\n<td colspan=\"42\">\n<h6>1-channel BNC high definition video output \/ CVBS video output (Can switch)<\/h6>\n<\/td>\n<\/tr>\n<tr>\n<td colspan=\"18\">\n<h6>Day\/Night<\/h6>\n<\/td>\n<td colspan=\"42\">\n<h6>Auto (ICR) \/ Manual<\/h6>\n<\/td>\n<\/tr>\n<tr>\n<td colspan=\"18\">\n<h6>OSD Menu<\/h6>\n<\/td>\n<td colspan=\"42\">\n<h6>Multi-language<\/h6>\n<\/td>\n<\/tr>\n<tr>\n<td colspan=\"18\">\n<h6>BLC Mode<\/h6>\n<\/td>\n<td colspan=\"42\">\n<h6>BLC \/ HLC \/ DWDR<\/h6>\n<\/td>\n<\/tr>\n<tr>\n<td colspan=\"18\">\n<h6>WDR<\/h6>\n<\/td>\n<td colspan=\"42\">\n<h6>DWDR<\/h6>\n<\/td>\n<\/tr>\n<tr>\n<td colspan=\"18\">\n<h6>Gain Control<\/h6>\n<\/td>\n<td colspan=\"42\">\n<h6>AGC<\/h6>\n<\/td>\n<\/tr>\n<tr>\n<td colspan=\"18\">\n<h6>Noise Reduction<\/h6>\n<\/td>\n<td colspan=\"42\">\n<h6>2D<\/h6>\n<\/td>\n<\/tr>\n<tr>\n<td colspan=\"18\">\n<h6>White Balance<\/h6>\n<\/td>\n<td colspan=\"42\">\n<h6>Auto \/ Manual<\/h6>\n<\/td>\n<\/tr>\n<tr>\n<td colspan=\"18\">\n<h6>Smart IR<\/h6>\n<\/td>\n<td colspan=\"42\">\n<h6>Auto \/ Manual<\/h6>\n<\/td>\n<\/tr>\n<\/tbody>\n<\/table>\n<table id=\"table002\" class=\"NEW-TABLE TableOverride-1 tab-drag\">\n<tbody>\n<tr>\n<td colspan=\"60\">\n<h6>Eelectrical<\/h6>\n<\/td>\n<\/tr>\n<tr>\n<td colspan=\"18\">\n<h6>Power Supply<\/h6>\n<\/td>\n<td colspan=\"42\">\n<h6>12V DC \u00b125%<\/h6>\n<\/td>\n<\/tr>\n<tr>\n<td colspan=\"18\">\n<h6>Power Consumption<\/h6>\n<\/td>\n<td colspan=\"42\">\n<h6>Max 5.2W (12V DC, IR on)<\/h6>\n<\/td>\n<\/tr>\n<tr>\n<td colspan=\"60\">\n<h6>Environmental<\/h6>\n<\/td>\n<\/tr>\n<tr>\n<td colspan=\"18\">\n<h6>Operating Conditions<\/h6>\n<\/td>\n<td colspan=\"42\">\n<h6>-40\u00b0C ~ +60\u00b0C (-40\u00b0F ~ +140\u00b0F) \/ Less than 90% RH<\/h6>\n<h6>* Start up should be done at above -40\u00b0C (-40\u00b0F)<\/h6>\n<\/td>\n<\/tr>\n<tr>\n<td colspan=\"18\">\n<h6>Storage Conditions<\/h6>\n<\/td>\n<td colspan=\"42\">\n<h6>-40\u00b0C ~ +60\u00b0C (-40\u00b0F ~ +140\u00b0F) \/ Less than 90% RH<\/h6>\n<\/td>\n<\/tr>\n<tr>\n<td colspan=\"18\">\n<h6>Ingress Protection &amp;Vandal Resistance<\/h6>\n<\/td>\n<td colspan=\"42\">\n<h6>IP67<\/h6>\n<\/td>\n<\/tr>\n<tr>\n<td colspan=\"60\">\n<h6>Construction<\/h6>\n<\/td>\n<\/tr>\n<tr>\n<td colspan=\"18\">\n<h6>Casing<\/h6>\n<\/td>\n<td colspan=\"42\">\n<h6>Aluminium<\/h6>\n<\/td>\n<\/tr>\n<tr>\n<td colspan=\"18\">\n<h6>Dimensions<\/h6>\n<\/td>\n<td colspan=\"42\">\n<h6>241.8mm\u00d790.4mm\u00d790.4mm (9.52&#8243;\u00d73.56&#8243;\u00d73.56&#8243;)<\/h6>\n<\/td>\n<\/tr>\n<tr>\n<td colspan=\"18\">\n<h6>Net Weight<\/h6>\n<\/td>\n<td colspan=\"42\">\n<h6>0.59kg (1.30lb)<\/h6>\n<\/td>\n<\/tr>\n<tr>\n<td colspan=\"18\">\n<h6>Gross Weight<\/h6>\n<\/td>\n<td colspan=\"42\">\n<h6>0.72kg (1.59lb)<\/h6>\n<\/td>\n<\/tr>\n<\/tbody>\n<\/table>\n<table id=\"table001\" class=\"NEW-TABLE TableOverride-1 tab-drag\">\n<tbody>\n<tr>\n<td colspan=\"60\">\n<h6>Camera<\/h6>\n<\/td>\n<\/tr>\n<tr>\n<td colspan=\"18\">\n<h6>Image Sensor<\/h6>\n<\/td>\n<td colspan=\"42\">\n<h6>1\/3&#8243; CMOS<\/h6>\n<\/td>\n<\/tr>\n<tr>\n<td colspan=\"18\">\n<h6>Effective Pixels<\/h6>\n<\/td>\n<td colspan=\"42\">\n<h6>2688(H)\u00d71520(V), 4.1MP<\/h6>\n<\/td>\n<\/tr>\n<tr>\n<td colspan=\"18\">\n<h6>Scanning System<\/h6>\n<\/td>\n<td colspan=\"42\">\n<h6>Progressive<\/h6>\n<\/td>\n<\/tr>\n<tr>\n<td colspan=\"18\">\n<h6>Electronic Shutter Speed<\/h6>\n<\/td>\n<td colspan=\"42\">\n<h6>PAL: 1\/25~1\/100000s<\/h6>\n<h6>NTSC: 1\/30~1\/100000s<\/h6>\n<\/td>\n<\/tr>\n<tr>\n<td colspan=\"18\">\n<h6>Minimum Illumination<\/h6>\n<\/td>\n<td colspan=\"42\">\n<h6>0.03Lux\/F2.0, 30IRE, 0Lux IR on<\/h6>\n<\/td>\n<\/tr>\n<tr>\n<td colspan=\"18\">\n<h6>S\/N Ratio<\/h6>\n<\/td>\n<td colspan=\"42\">\n<h6>More than 65dB<\/h6>\n<\/td>\n<\/tr>\n<tr>\n<td colspan=\"18\">\n<h6>IR Distance<\/h6>\n<\/td>\n<td colspan=\"42\">\n<h6>Up to 80m (262feet)<\/h6>\n<\/td>\n<\/tr>\n<tr>\n<td colspan=\"18\">\n<h6>IR On\/Off Control<\/h6>\n<\/td>\n<td colspan=\"42\">\n<h6>Auto \/ Manual<\/h6>\n<\/td>\n<\/tr>\n<tr>\n<td colspan=\"18\">\n<h6>IR LEDs<\/h6>\n<\/td>\n<td colspan=\"42\">\n<h6>2<\/h6>\n<\/td>\n<\/tr>\n<tr>\n<td colspan=\"60\">\n<h6>Lens<\/h6>\n<\/td>\n<\/tr>\n<tr>\n<td colspan=\"18\">\n<h6>Lens Type<\/h6>\n<\/td>\n<td colspan=\"42\">\n<h6>Fixed lens \/ Fixed iris<\/h6>\n<\/td>\n<\/tr>\n<tr>\n<td colspan=\"18\">\n<h6>Mount Type<\/h6>\n<\/td>\n<td colspan=\"42\">\n<h6>Board-in<\/h6>\n<\/td>\n<\/tr>\n<tr>\n<td colspan=\"18\">\n<h6>Focal Length<\/h6>\n<\/td>\n<td colspan=\"42\">\n<h6>3.6mm (6mm, 8mm, 12mm Optional)<\/h6>\n<\/td>\n<\/tr>\n<tr>\n<td colspan=\"18\">\n<h6>Max Aperture<\/h6>\n<\/td>\n<td colspan=\"42\">\n<h6>F2.0<\/h6>\n<\/td>\n<\/tr>\n<tr>\n<td colspan=\"18\">\n<h6>Angle of View<\/h6>\n<\/td>\n<td colspan=\"42\">\n<h6>H: 84.8\u00b0 (52.5\u00b0\/32.9\u00b0\/23.6\u00b0)<\/h6>\n<\/td>\n<\/tr>\n<tr>\n<td colspan=\"18\">\n<h6>Focus Control<\/h6>\n<\/td>\n<td colspan=\"42\">\n<h6>N\/A<\/h6>\n<\/td>\n<\/tr>\n<tr>\n<td colspan=\"18\">\n<h6>Close Focus Distance<\/h6>\n<\/td>\n<td colspan=\"42\">\n<h6>1100mm (2200mm<span lang=\"zh-CN\">\/<\/span>4000mm\/8500mm)<\/h6>\n<h6>43.3&#8221; ( 86.6&#8221;\/157.5&#8221;\/334.6&#8221;)<\/h6>\n<\/td>\n<\/tr>\n<\/tbody>\n<\/table>\n","protected":false},"featured_media":1976,"template":"","meta":[],"product_cat":[45],"product_tag":[],"aioseo_notices":[],"_links":{"self":[{"href":"https:\/\/e-multicom.gr\/index.php?rest_route=\/wp\/v2\/product\/1973"}],"collection":[{"href":"https:\/\/e-multicom.gr\/index.php?rest_route=\/wp\/v2\/product"}],"about":[{"href":"https:\/\/e-multicom.gr\/index.php?rest_route=\/wp\/v2\/types\/product"}],"wp:featuredmedia":[{"embeddable":true,"href":"https:\/\/e-multicom.gr\/index.php?rest_route=\/wp\/v2\/media\/1976"}],"wp:attachment":[{"href":"https:\/\/e-multicom.gr\/index.php?rest_route=%2Fwp%2Fv2%2Fmedia&parent=1973"}],"wp:term":[{"taxonomy":"product_cat","embeddable":true,"href":"https:\/\/e-multicom.gr\/index.php?rest_route=%2Fwp%2Fv2%2Fproduct_cat&post=1973"},{"taxonomy":"product_tag","embeddable":true,"href":"https:\/\/e-multicom.gr\/index.php?rest_route=%2Fwp%2Fv2%2Fproduct_tag&post=1973"}],"curies":[{"name":"wp","href":"https:\/\/api.w.org\/{rel}","templated":true}]}}